{"id":96770,"date":"2021-01-21T09:59:48","date_gmt":"2021-01-21T06:59:48","guid":{"rendered":"http:\/\/karakayateknoloji.com\/?post_type=product&#038;p=96770"},"modified":"2023-09-14T15:42:16","modified_gmt":"2023-09-14T12:42:16","slug":"stp-413-kablo-tip-sicaklik-sensoru-ntc1-8k-6x215mm","status":"publish","type":"product","link":"https:\/\/karakayateknoloji.com\/?product=stp-413-kablo-tip-sicaklik-sensoru-ntc1-8k-6x215mm","title":{"rendered":"STP.413 Kablo Tip S\u0131cakl\u0131k Sens\u00f6r\u00fc, NTC1.8k, 6x215mm"},"content":{"rendered":"","protected":false},"excerpt":{"rendered":"","protected":false},"featured_media":103823,"comment_status":"closed","ping_status":"closed","template":"","meta":[],"product_cat":[29,133,1035],"product_tag":[],"class_list":{"0":"post-96770","1":"product","2":"type-product","3":"status-publish","4":"has-post-thumbnail","6":"product_cat-sicaklik","7":"product_cat-kablo-tip","8":"product_cat-6x215mm","9":"pa_boy-215mm","10":"pa_capi-6-mm","11":"pa_marka-sense","13":"first","14":"instock","15":"taxable","16":"shipping-taxable","17":"product-type-simple"},"_links":{"self":[{"href":"https:\/\/karakayateknoloji.com\/index.php?rest_route=\/wp\/v2\/product\/96770","targetHints":{"allow":["GET"]}}],"collection":[{"href":"https:\/\/karakayateknoloji.com\/index.php?rest_route=\/wp\/v2\/product"}],"about":[{"href":"https:\/\/karakayateknoloji.com\/index.php?rest_route=\/wp\/v2\/types\/product"}],"replies":[{"embeddable":true,"href":"https:\/\/karakayateknoloji.com\/index.php?rest_route=%2Fwp%2Fv2%2Fcomments&post=96770"}],"wp:featuredmedia":[{"embeddable":true,"href":"https:\/\/karakayateknoloji.com\/index.php?rest_route=\/wp\/v2\/media\/103823"}],"wp:attachment":[{"href":"https:\/\/karakayateknoloji.com\/index.php?rest_route=%2Fwp%2Fv2%2Fmedia&parent=96770"}],"wp:term":[{"taxonomy":"product_cat","embeddable":true,"href":"https:\/\/karakayateknoloji.com\/index.php?rest_route=%2Fwp%2Fv2%2Fproduct_cat&post=96770"},{"taxonomy":"product_tag","embeddable":true,"href":"https:\/\/karakayateknoloji.com\/index.php?rest_route=%2Fwp%2Fv2%2Fproduct_tag&post=96770"}],"curies":[{"name":"wp","href":"https:\/\/api.w.org\/{rel}","templated":true}]}}