{"id":104000,"date":"2021-02-13T16:55:51","date_gmt":"2021-02-13T13:55:51","guid":{"rendered":"http:\/\/karakayateknoloji.com\/?post_type=product&#038;p=104000"},"modified":"2021-02-13T17:09:07","modified_gmt":"2021-02-13T14:09:07","slug":"sto-15-dis-hava-sicaklik-sensoru-ntc10k","status":"publish","type":"product","link":"https:\/\/karakayateknoloji.com\/?product=sto-15-dis-hava-sicaklik-sensoru-ntc10k","title":{"rendered":"STO.15 D\u0131\u015f Hava S\u0131cakl\u0131k Sens\u00f6r\u00fc, NTC10k"},"content":{"rendered":"","protected":false},"excerpt":{"rendered":"","protected":false},"featured_media":3675,"comment_status":"open","ping_status":"closed","template":"","meta":[],"product_cat":[29,131],"product_tag":[911],"class_list":{"0":"post-104000","1":"product","2":"type-product","3":"status-publish","4":"has-post-thumbnail","6":"product_cat-sicaklik","7":"product_cat-dis-hava-sicaklik","8":"product_tag-sense","9":"pa_cikis-ntc10k","10":"pa_koruma-sinifi-ip65","11":"pa_marka-sense","13":"first","14":"instock","15":"taxable","16":"shipping-taxable","17":"product-type-simple"},"_links":{"self":[{"href":"https:\/\/karakayateknoloji.com\/index.php?rest_route=\/wp\/v2\/product\/104000","targetHints":{"allow":["GET"]}}],"collection":[{"href":"https:\/\/karakayateknoloji.com\/index.php?rest_route=\/wp\/v2\/product"}],"about":[{"href":"https:\/\/karakayateknoloji.com\/index.php?rest_route=\/wp\/v2\/types\/product"}],"replies":[{"embeddable":true,"href":"https:\/\/karakayateknoloji.com\/index.php?rest_route=%2Fwp%2Fv2%2Fcomments&post=104000"}],"wp:featuredmedia":[{"embeddable":true,"href":"https:\/\/karakayateknoloji.com\/index.php?rest_route=\/wp\/v2\/media\/3675"}],"wp:attachment":[{"href":"https:\/\/karakayateknoloji.com\/index.php?rest_route=%2Fwp%2Fv2%2Fmedia&parent=104000"}],"wp:term":[{"taxonomy":"product_cat","embeddable":true,"href":"https:\/\/karakayateknoloji.com\/index.php?rest_route=%2Fwp%2Fv2%2Fproduct_cat&post=104000"},{"taxonomy":"product_tag","embeddable":true,"href":"https:\/\/karakayateknoloji.com\/index.php?rest_route=%2Fwp%2Fv2%2Fproduct_tag&post=104000"}],"curies":[{"name":"wp","href":"https:\/\/api.w.org\/{rel}","templated":true}]}}