{"id":103961,"date":"2021-02-13T15:29:56","date_gmt":"2021-02-13T12:29:56","guid":{"rendered":"http:\/\/karakayateknoloji.com\/?post_type=product&#038;p=103961"},"modified":"2021-10-04T18:44:50","modified_gmt":"2021-10-04T15:44:50","slug":"sti-162-daldirma-tip-sicaklik-sensoru-ntc20k-kopya","status":"publish","type":"product","link":"https:\/\/karakayateknoloji.com\/?product=sti-162-daldirma-tip-sicaklik-sensoru-ntc20k-kopya","title":{"rendered":"STI.162 Dald\u0131rma Tip S\u0131cakl\u0131k Sens\u00f6r\u00fc, NTC20k"},"content":{"rendered":"","protected":false},"excerpt":{"rendered":"","protected":false},"featured_media":3674,"comment_status":"open","ping_status":"closed","template":"","meta":[],"product_cat":[29,52],"product_tag":[911],"class_list":{"0":"post-103961","1":"product","2":"type-product","3":"status-publish","4":"has-post-thumbnail","6":"product_cat-sicaklik","7":"product_cat-daldirma-tip","8":"product_tag-sense","9":"pa_boy-100mm","10":"pa_cikis-ntc20k","11":"pa_koruma-sinifi-ip65","12":"pa_marka-sense","14":"first","15":"instock","16":"taxable","17":"shipping-taxable","18":"product-type-simple"},"_links":{"self":[{"href":"https:\/\/karakayateknoloji.com\/index.php?rest_route=\/wp\/v2\/product\/103961","targetHints":{"allow":["GET"]}}],"collection":[{"href":"https:\/\/karakayateknoloji.com\/index.php?rest_route=\/wp\/v2\/product"}],"about":[{"href":"https:\/\/karakayateknoloji.com\/index.php?rest_route=\/wp\/v2\/types\/product"}],"replies":[{"embeddable":true,"href":"https:\/\/karakayateknoloji.com\/index.php?rest_route=%2Fwp%2Fv2%2Fcomments&post=103961"}],"wp:featuredmedia":[{"embeddable":true,"href":"https:\/\/karakayateknoloji.com\/index.php?rest_route=\/wp\/v2\/media\/3674"}],"wp:attachment":[{"href":"https:\/\/karakayateknoloji.com\/index.php?rest_route=%2Fwp%2Fv2%2Fmedia&parent=103961"}],"wp:term":[{"taxonomy":"product_cat","embeddable":true,"href":"https:\/\/karakayateknoloji.com\/index.php?rest_route=%2Fwp%2Fv2%2Fproduct_cat&post=103961"},{"taxonomy":"product_tag","embeddable":true,"href":"https:\/\/karakayateknoloji.com\/index.php?rest_route=%2Fwp%2Fv2%2Fproduct_tag&post=103961"}],"curies":[{"name":"wp","href":"https:\/\/api.w.org\/{rel}","templated":true}]}}