{"id":103681,"date":"2021-02-08T14:31:44","date_gmt":"2021-02-08T11:31:44","guid":{"rendered":"http:\/\/karakayateknoloji.com\/?post_type=product&#038;p=103681"},"modified":"2023-09-13T13:45:09","modified_gmt":"2023-09-13T10:45:09","slug":"ddp-1111-mdrrb-%c2%b1250pa-dual-fark-basinc-sensoru-0-10v-0-10v-modbusli-ekranli-cift-role-buzzer","status":"publish","type":"product","link":"https:\/\/karakayateknoloji.com\/?product=ddp-1111-mdrrb-%c2%b1250pa-dual-fark-basinc-sensoru-0-10v-0-10v-modbusli-ekranli-cift-role-buzzer","title":{"rendered":"DDP.1111.MDRRB \u00b1250pa Dual Fark Bas\u0131n\u00e7 Sens\u00f6r\u00fc, 0-10V \/ 0-10V, Modbus&#8217;l\u0131, Ekranl\u0131, \u00c7ift R\u00f6le, Buzzer"},"content":{"rendered":"","protected":false},"excerpt":{"rendered":"","protected":false},"featured_media":103633,"comment_status":"open","ping_status":"closed","template":"","meta":[],"product_cat":[32,1103,1117],"product_tag":[],"class_list":{"0":"post-103681","1":"product","2":"type-product","3":"status-publish","4":"has-post-thumbnail","6":"product_cat-fark-basinc","7":"product_cat-iki-sensorlu","8":"product_cat-250pa-iki-sensorlu-fark-basinc","9":"pa_aralik_p-100-100-pa","10":"pa_aralik_p-25-25-pa","11":"pa_aralik_p-250-250-pa","12":"pa_aralik_p-50-50-pa","13":"pa_aralik_p-0-100-pa","14":"pa_aralik_p-0-25-pa","15":"pa_aralik_p-0-250-pa","16":"pa_aralik_p-0-50-pa","17":"pa_besleme-24-v-acdc","18":"pa_cikis-2-x-0-10v","19":"pa_ekran-var","20":"pa_koruma-sinifi-ip54","21":"pa_marka-sense","23":"first","24":"instock","25":"taxable","26":"shipping-taxable","27":"product-type-simple"},"_links":{"self":[{"href":"https:\/\/karakayateknoloji.com\/index.php?rest_route=\/wp\/v2\/product\/103681","targetHints":{"allow":["GET"]}}],"collection":[{"href":"https:\/\/karakayateknoloji.com\/index.php?rest_route=\/wp\/v2\/product"}],"about":[{"href":"https:\/\/karakayateknoloji.com\/index.php?rest_route=\/wp\/v2\/types\/product"}],"replies":[{"embeddable":true,"href":"https:\/\/karakayateknoloji.com\/index.php?rest_route=%2Fwp%2Fv2%2Fcomments&post=103681"}],"wp:featuredmedia":[{"embeddable":true,"href":"https:\/\/karakayateknoloji.com\/index.php?rest_route=\/wp\/v2\/media\/103633"}],"wp:attachment":[{"href":"https:\/\/karakayateknoloji.com\/index.php?rest_route=%2Fwp%2Fv2%2Fmedia&parent=103681"}],"wp:term":[{"taxonomy":"product_cat","embeddable":true,"href":"https:\/\/karakayateknoloji.com\/index.php?rest_route=%2Fwp%2Fv2%2Fproduct_cat&post=103681"},{"taxonomy":"product_tag","embeddable":true,"href":"https:\/\/karakayateknoloji.com\/index.php?rest_route=%2Fwp%2Fv2%2Fproduct_tag&post=103681"}],"curies":[{"name":"wp","href":"https:\/\/api.w.org\/{rel}","templated":true}]}}